
Suppose -1120 = 760*s - 750*s. List the prime factors of (-30)/14 + 2 - 136096/s.
3, 5
Suppose -2*t - 44 = 4*l, 4*l - 13 + 37 = -t. Let f be (t/(-16))/(2/8). Suppose -204 = -f*u - u. List the prime factors of u.
2, 17
Let d = 149979 + -89259. List the prime factors of d.
2, 3, 5, 11, 23
Let j be (9 - 0)/(5/(-30)*-9). Let f(h) = 38*h - 3. Let d be f(4). Suppose 5*g = j*g - d. List the prime factors of g.
149
Let z(a) = 11*a - 19. Let w be z(8). Let q = w - -299. What are the prime factors of q?
2, 23
Let a(y) = -y**2 + 176*y + 82. List the prime factors of a(69).
5, 1493
Let i be (-12)/(-15) - ((-9268)/(-35) + 1). Let x = 393 + i. What are the prime factors of x?
2
Suppose 4*t = -h + 4829, -3*h - 3*t + 875 = -13567. What are the prime factors of h?
3, 7, 229
Let l(h) = 12*h**2 - 92*h + 202. What are the prime factors of l(-21)?
2, 47, 79
Let g(h) = -2673*h + 78. Let b be g(-4). List the prime factors of (b/12 - -3)*2.
1801
Suppose 4*l + 4*z = -1124, 0 = 2*l + 4*z + 12 + 542. Let h be l/(-55) + 4/(-22). Suppose 583 - 98 = h*w - 5*p, -4*w = -3*p - 389. List the prime factors of w.
2, 7
Let t(f) = f**3 - 4*f**2 - 15*f + 50. Suppose 2*c + 2*g - 32 = 0, -4*c + 26 = -2*c - g. List the prime factors of t(c).
2, 3, 5
Let r = 11 - -11. Suppose 4*j - 11 = 3*h, 3*h - 2*j = 7*h + r. What are the prime factors of (174/h)/(((-18)/20)/3)?
2, 29
Let a = -113 - -186. Suppose -325 = -3*j - a. List the prime factors of ((-66)/(-9))/(7/j).
2, 11
Let o(r) = 69*r**2 - 240*r + 174. List the prime factors of o(-21).
3, 109
Suppose 0 = 13*f - 310 - 58320. List the prime factors of f.
2, 5, 11, 41
Suppose -3*o + 8 = -2*a - 5, 0 = 5*o + 2*a - 11. Suppose 0 = -o*q - 8*i + 3*i + 689, i + 683 = 3*q. What are the prime factors of q?
2, 3, 19
Suppose 36*s - 49 = 59. Suppose -5*n = 4*i - 347, -5*n + s*n + 3*i + 148 = 0. What are the prime factors of n?
71
Let v(j) = -2*j + 11. Let t = -54 - -42. List the prime factors of v(t).
5, 7
Suppose -4*r - 2*h + 178 = 0, r + 200 = 6*r - 2*h. Let y be 5398/12 + (8 + -1)/r. Let x = y - 301. List the prime factors of x.
149
Suppose -5*y - 17 - 157 = -g, 0 = 3*y + 5*g + 82. Let f = 364 - y. Let k = 618 - f. What are the prime factors of k?
2, 5, 11
Suppose 141700 = 44*m - 496256. List the prime factors of m.
3, 179
Let w(h) = h**3 - 2*h**2 - 250*h - 18. What are the prime factors of w(17)?
67
Let s be (1 + (-69)/(-9))*(-15 - 0). What are the prime factors of ((-9165)/s)/(1/8)?
2, 3, 47
Suppose 635 = 5*o - 1765. Let u = 896 - o. Suppose 3*t = -q - 4*q + 503, t + u = 4*q. List the prime factors of q.
103
Suppose 495 - 119 = -2*s. Let r = -29 - s. What are the prime factors of r?
3, 53
Suppose -3 = 3*k - 2*k. Let y(j) = j**3 + 2*j**2 - 3*j + 4. Let x be y(k). Suppose -x*r = -3*r - 201. List the prime factors of r.
3, 67
What are the prime factors of (-4)/6*1 + 142650/27*5?
2, 13, 127
Suppose -7*l = 7*w - 5*l - 174641, -5*l = -2*w + 49864. What are the prime factors of w?
13, 19, 101
Let u be (1 + -2)/(1/(-12)*2). Suppose u*k = 3 + 15. Suppose 2 = 2*z - 8, k*y - 263 = 2*z. List the prime factors of y.
7, 13
Suppose 3*s + 24 = 5*s. Let z(g) = -g + 4*g - 7*g**2 + 4*g - 4 - s*g - g**3. What are the prime factors of z(-7)?
31
Suppose -2*f = 2*r + r + 10, -r = -2*f - 10. Suppose 7*p - 3507 + 98 = r. List the prime factors of p.
487
Let j = -4667 - -9100. What are the prime factors of j?
11, 13, 31
Let l(g) = -g**2 + 22*g - 197. Let i be l(17). Let u = i - -153. What are the prime factors of u?
41
Let p(m) = 10*m**3 - m**2 - 11*m + 71. Let c(f) = 18*f**3 - 2*f**2 - 23*f + 143. Let r(z) = 4*c(z) - 7*p(z). What are the prime factors of r(7)?
607
Suppose 4*o - 14 = -3*k + 4*k, 0 = 3*o + 4*k - 1. List the prime factors of -1 + 6 + o + 97.
3, 5, 7
Let y = 256 - 434. Let s = y - -45. Let g = s + 192. List the prime factors of g.
59
Suppose -v - 22 = u, v + 2*v + 68 = -4*u. Let n = 19 - v. Suppose 796 = n*m - 35*m. What are the prime factors of m?
199
Let b be (-1270)/(-3)*(-378)/(-84). Suppose 6*k + b = 3*i + 9*k, 3*i = -5*k + 1915. What are the prime factors of i?
2, 3, 5, 7
Let a be -2*(-3 + (-3185)/(-14)). Let d = 671 + a. What are the prime factors of d?
2, 3, 37
Let b = 18 + -14. Let z be 2/(2/25*10/b). Suppose z*s - 164 = 8*s. List the prime factors of s.
2, 41
Suppose -p = -8, -940*p + 941*p = -4*g + 58912. List the prime factors of g.
2, 37, 199
Suppose 2*k = v + 9420, 9*k - 8*k - 4720 = 3*v. List the prime factors of k.
2, 11, 107
Let r be 12/18 - (-5 + (-38)/(-3)). What are the prime factors of (-2 - -3)/(r/(-4641))?
3, 13, 17
Let w(r) = 13*r + 132. Let k be w(0). List the prime factors of (-1585)/(-4) + (-33)/k.
2, 3, 11
Suppose 3*k - 84627 - 15865 = -5*i, -33500 = -k + i. What are the prime factors of k?
139, 241
Suppose 2*t + 3*z = 57, 51 = -4*t + 6*t - 3*z. Suppose j = -t*x + 26*x + 602, -2406 = -4*x - 2*j. List the prime factors of x.
601
Let s(i) = -74*i - 1. Let j be s(4). Let t = -486 - j. Let a = 283 + t. List the prime factors of a.
2, 47
Let i be 9/(-27)*(230 - -1). List the prime factors of ((-18)/(-14))/((-11)/i).
3
Let b(c) = -1592*c - 1337. List the prime factors of b(-44).
68711
Let l = -347 - -506. Let m = 300 - l. List the prime factors of m.
3, 47
Let t = -158 - -134. List the prime factors of (78/t)/((-1)/388).
13, 97
Let c = -175 - -178. Suppose -q - u - c*u = -447, -3*q + u + 1367 = 0. List the prime factors of q.
5, 7, 13
Let q = 165 - 160. Suppose 5*d = 4*l - 5359, q*d = d + 20. What are the prime factors of l?
2, 673
Let a be 3/5 - (-28148)/(-155). Let z = -90 - a. List the prime factors of z.
7, 13
Let i(b) = b**2 - 19*b - 6. Let l be i(19). Let t(o) = 3*o + 16. Let q be t(l). What are the prime factors of 40 + 4 + -2 + q?
2, 5
Let w(u) = 434*u**2 - 1132*u + 14934. List the prime factors of w(13).
2, 53, 347
Suppose 376 = -30*m + 38*m. Suppose -m*h + 10280 = -39*h. List the prime factors of h.
5, 257
Let u(w) = -w**2 + 8*w - 10. Let o be u(6). Let r be o + -4 - (-9)/3. List the prime factors of r*(-1)/(-3) + (-556)/(-6).
3, 31
Let s(h) = 3327*h**3 - 8*h**2 - 31*h + 83. What are the prime factors of s(2)?
5, 17, 313
Let c(l) = -l**3 + 5*l**2 - l - 12. Let s be c(4). Let p be s + (0 - 0) + 692. Let g = p + -494. List the prime factors of g.
2, 3, 11
Let v(y) = -y**3 + 4*y**2 + 4*y + 3. Suppose -p - 13 = -44. Let m = p - 27. What are the prime factors of v(m)?
19
Suppose 2*t = -2*y + 166144, 208*y = 5*t + 212*y - 415367. List the prime factors of t.
3, 17, 181
Let z(x) = 231*x**3 + 4*x**2 + 6*x + 10. List the prime factors of z(3).
6301
Let a(q) = -4*q**3 + 10*q**2 + 7*q - 64. Let f(x) = 2*x**3 - 5*x**2 - 4*x + 32. Let c(u) = 3*a(u) + 7*f(u). List the prime factors of c(6).
2, 11
List the prime factors of ((-12)/(-10) - 4)/(36/(-360360)).
2, 7, 11, 13
Let h(x) = x**3 - x**2 - x - 440. Let k be h(0). List the prime factors of (151/4)/(7 - k/(-64)).
2, 151
Suppose 4*g - 1 = 5*z + 48, -4*g - 3*z = -73. Suppose -w - g = 61. Let j = w + 133. What are the prime factors of j?
2, 7
Let w = 664 - 665. What are the prime factors of (-44924)/(-22) - (w + 1)?
2, 1021
Let w be 6/10 + (-47863)/5. List the prime factors of (-56)/42 + w/(-6).
2, 797
Suppose -63*y + 61*y + 5*q = -20028, 2*y - q = 20036. List the prime factors of y.
43, 233
List the prime factors of (-96)/2544 + 16391646/477.
2, 11, 71
Suppose 4*q - 3*w = 98853, 4*w = 264*q - 260*q - 98856. List the prime factors of q.
3, 8237
Let z be (235/25)/(7/35). Suppose -z*m + 54*m - 9058 = 0. List the prime factors of m.
2, 647
Let l = -2425 + 2580. What are the prime factors of l?
5, 31
Let r be (-6)/15 - (-1 + 162/(-30)). Suppose -585 = -r*y + 303. What are the prime factors of y?
2, 37
Let n(q) = 8096*q**2 + 15*q - 15. List the prime factors of n(1).
2, 11, 23
What are the prime factors of (4/((-24)/315))/((-1)/274)?
3, 5, 7, 137
Suppose -5*s - 2*h = -30775, 3*s - 20258 = 4*h - 1793. List the prime factors of s.
5, 1231
Let h(n) = -6*n**3 + 3*n**2 + 11*n - 11. Let r(f) = -6*f**3 + 3*f**2 + 9*f - 12. Let q(t) = -4*h(t) + 3*r(t). What are the prime factors of q(5)?
2, 13, 23
Suppose -5*l - 30 = -5*m - 6*l, -3*m = 3*l - 6. Suppose m*d - 2736 = 3508. What are the prime factors of d?
2, 223
Suppose -92*q - 948592 = -115*q + 33025. List the prime factors of q.
7, 13, 67
Let u(y) =